409*f + 896. Calculate a(-100).
-4
Let f(n) = 24*n**2 - 87*n - 2166. Give f(-8).
66
Let i(k) = 3*k**2 + 1136*k + 6631. Determine i(-6).
-77
Let f(x) = x**3 - 96*x**2 + 451*x + 7903. Calculate f(90).
-107
Let a(r) = 306*r + 993. Calculate a(-4).
-231
Let n(w) = -2*w**2 + 328*w - 13456. What is n(81)?
-10
Let t(w) = -w**3 - 27*w**2 - 172*w + 36. Give t(-17).
70
Let w(q) = -32*q + 2903. Give w(71).
631
Let x(i) = -150013*i - 150017. Determine x(-1).
-4
Let x(b) = -b**3 - 281*b**2 - 2707*b - 679545. Give x(-280).
15
Let y(v) = 4*v**3 - 20*v**2 + 29*v + 50. Calculate y(6).
368
Let s(n) = -26*n**2 - 624*n - 9377. Determine s(-16).
-6049
Let p(y) = -213*y**2 - 3842*y - 140. What is p(-18)?
4
Let t(u) = -44*u**3 + 5*u**2 - 46*u - 175. Calculate t(-5).
5680
Let a(i) = 51*i**2 - 290*i + 31. What is a(6)?
127
Let m(v) = -v**3 - 19*v**2 - 35*v - 1498. Calculate m(-21).
119
Let c(n) = -682*n - 21150. Determine c(-31).
-8
Let h(x) = 2*x**3 - 343*x**2 - 177*x + 1089. What is h(172)?
229
Let i(g) = g**3 + 44*g**2 - 608*g - 725. What is i(12)?
43
Let g(f) = -f**3 + 18*f**2 - 73*f + 318. Determine g(14).
80
Let p(z) = 6*z**3 + 13*z**2 + 282*z + 1010. What is p(-4)?
-294
Let g(i) = -i**3 + 203*i**2 - 5881*i + 224. Give g(168).
56
Let v(m) = -19*m**2 + 222*m + 1400. Determine v(17).
-317
Let m(u) = 3*u**3 - 91*u**2 - 68*u + 161. What is m(31)?
-25
Let f(p) = p**2 + 109101*p - 4584010. Calculate f(42).
-4
Let w(g) = g**3 - 54*g**2 - 584*g - 3852. Give w(64).
-268
Let h(v) = v**2 - 294*v - 154781. Give h(567).
10
Let g(d) = -643*d + 124077. Calculate g(193).
-22
Let b(g) = g**2 + 1239593*g - 7437609. What is b(6)?
-15
Let h(d) = -907*d + 2321. Calculate h(0).
2321
Let c(w) = 92*w**2 - 7222*w - 3642. Determine c(79).
-8
Let l(s) = 1249*s**2 + 6289*s + 227. What is l(-5)?
7
Let l(x) = 3*x**2 - 6292*x + 106097. What is l(17)?
0
Let n(g) = g**3 - 237*g**2 - 2476*g + 17. Calculate n(-10).
77
Let n(o) = -o**3 + 697*o + 942. Determine n(27).
78
Let c(p) = -p**2 - 6*p + 1071. Give c(-36).
-9
Let b(w) = w**2 + 102*w - 35433. Calculate b(144).
-9
Let o(c) = 4*c**2 + 358064*c + 358063. Give o(-1).
3
Let w(f) = 205247*f - 1641970. Give w(8).
6
Let f(z) = -2*z**2 + 315*z - 10575. Determine f(109).
-2
Let i(z) = -175*z + 7569. Give i(48).
-831
Let b(z) = 121*z**3 + 1923*z + 3836. Determine b(-2).
-978
Let l(g) = 1572*g + 168270. What is l(-107)?
66
Let k(n) = -n**2 + 6809*n - 736891. What is k(110)?
-1
Let m(q) = 13462*q - 2382776. What is m(177)?
-2
Let h(n) = -63*n**2 + 51395*n + 62138. Determine h(817).
46
Let r(q) = -3*q**2 - 1415*q - 161281. Determine r(-279).
-19
Let s(j) = -j**3 + 134*j**2 - 400*j + 869. Calculate s(131).
-48
Let o(u) = -5*u**3 - 2624*u**2 + 522*u - 1282. Give o(-525).
293
Let x(t) = -120404*t - 240760. Determine x(-2).
48
Let l(h) = 1205*h + 145812. What is l(-121)?
7
Let s(d) = -d**3 + 4*d**2 - 57*d + 557. What is s(10)?
-613
Let m(u) = -u**3 - u**2 + 264*u - 830. Determine m(-19).
652
Let x(r) = 620*r + 2597. Give x(-10).
-3603
Let l(s) = -s**3 + 3*s**2 + 41*s + 11. Give l(-4).
-41
Let t(z) = 15*z**3 + 4160*z**2 - 19746*z - 1694. Determine t(-282).
-2
Let y(u) = -16*u**2 + 355*u - 73. Give y(21).
326
Let i(g) = -664*g - 96294. Calculate i(-145).
-14
Let u(t) = -t**3 + 24308*t + 97215. Determine u(-4).
47
Let b(k) = 3*k**3 - 58*k**2 - 80*k + 815. Calculate b(20).
15
Let i(m) = 538805*m - 10776100. Calculate i(20).
0
Let c(l) = -6*l**3 + 779*l**2 - 647*l + 56. Determine c(129).
-202
Let u(v) = -3616*v - 173555. What is u(-48)?
13
Let z(m) = 27896*m - 167516. Give z(6).
-140
Let s(w) = w**2 + 54*w + 581. Determine s(-15).
-4
Let x(a) = a**2 + 14414*a + 129630. What is x(-9)?
-15
Let r(v) = -3*v**3 - 16*v**2 - 118*v + 51. What is r(-6)?
831
Let r(t) = -6*t**3 - 111*t**2 + 4634*t - 265. What is r(20)?
15
Let u(p) = 1706*p - 75025. Determine u(44).
39
Let h(t) = 13*t**3 - 104*t**2 + 192*t - 1524. Give h(8).
12
Let f(u) = 4*u**2 + 219*u + 3069. What is f(-18)?
423
Let b(z) = 1573*z - 1354365. Give b(861).
-12
Let y(l) = 915*l**2 + 614*l - 613. What is y(1)?
916
Let g(h) = -h**2 - 59*h + 165168. Give g(-437).
-18
Let w(z) = 2*z**3 - 191*z**2 + 269*z + 758. What is w(94)?
-464
Let k(g) = g**2 - 1825*g - 20174. Determine k(-11).
22
Let u(k) = k**3 - 35*k**2 + 31*k + 35. Give u(34).
-67
Let x(r) = 4*r**2 - 201*r + 2405. Determine x(25).
-120
Let a(z) = -314*z - 3814. Give a(-4).
-2558
Let t(m) = -84310*m - 84312. What is t(-1)?
-2
Let r(i) = 2*i**2 - 15*i - 335. Calculate r(29).
912
Let z(y) = 28*y**3 - 2847*y**2 + 1932*y - 131. Determine z(101).
1182
Let k(g) = g**2 + 34234*g + 308037. What is k(-9)?
12
Let z(m) = 9*m**3 - 63*m**2 - 4791*m + 33529. Give z(7).
-8
Let l(u) = -u**3 + 127*u**2 - 1572*u - 860. Give l(113).
270
Let k(y) = -314594*y - 28313455. Determine k(-90).
5
Let f(k) = -k**3 + 16*k**2 + 42*k + 116. What is f(16)?
788
Let c(g) = -g**2 - 6456*g - 853340. Determine c(-135).
-5
Let y(v) = 7*v**3 + 537*v**2 - 152*v + 169. Calculate y(-77).
15
Let u(k) = -3327*k + 40060. Determine u(12).
136
Let i(m) = 60*m - 8021. What is i(37)?
-5801
Let r(h) = -377*h**2 + 319*h + 21. Give r(1).
-37
Let k(m) = 2*m**2 + 1044*m + 76390. Calculate k(-434).
6
Let q(n) = -3497*n - 27763. Calculate q(-8).
213
Let k(s) = s**3 - 30*s**2 - 53*s - 664. Give k(31).
-1346
Let z(p) = -p**2 - 44455*p + 177834. Calculate z(4).
-2
Let i(u) = -u**2 + 116*u + 2458. Determine i(-18).
46
Let q(d) = -d**2 - 40*d + 11180. Determine q(-114).
2744
Let h(s) = -7144*s + 185795. Determine h(26).
51
Let v(c) = -22*c**3 + 393*c**2 - 334*c + 201. Calculate v(17).
14
Let z(g) = 254548*g + 9672833. Give z(-38).
9
Let a(p) = -18798*p**2 - 375962*p - 49. What is a(-20)?
-9
Let x(m) = -2*m**3 - 619*m**2 + 431*m + 37489. Determine x(-310).
-21
Let m(n) = -2*n**2 - 1030*n - 10207. Determine m(-10).
-107
Let h(j) = 5*j**3 + 855*j**2 - 2584*j - 109. What is h(3)?
-31
Let v(j) = j**3 - 93*j**2 + 656*j + 2046. Give v(85).
6
Let r(u) = 26874*u - 349371. Determine r(13).
-9
Let p(l) = l**3 - 376*l**2 + 1072*l + 17473. Determine p(373).
-58
Let r(c) = c**3 + 34*c**2 - 366*c + 1242. Calculate r(-43).
339
Let i(d) = d**3 + 103*d**2 - 8910*d - 960. Give i(-159).
-6
Let i(b) = -695542*b + 695581. Give i(1).
39
Let s(x) = -94*x**3 + 9*x**2 - 3266*x + 6519. Calculate s(2).
-729
Let w(o) = -o**2 - 373*o + 6267. Calculate w(16).
43
Let a(i) = -13*i**3 + 111*i**2 - 26*i + 169. What is a(9)?
-551
Let r(x) = -3*x**2 + 446*x - 15498. Calculate r(55).
-43
Let h(t) = t**3 + 9*t**2 + 118*t + 684. Determine h(-9).
-378
Let f(u) = 82*u + 12532. Give f(-153).
-14
Let z(r) = 2*r**2 - 179*r + 2867. What is z(15)?
632
Let s(a) = 543*a + 143342. Determine s(-264).
-10
Let n(c) = 2*c**2 + 4751*c - 222985. What is n(46)?
-207
Let f(y) = 5*y**2 - 1943*y - 79. Determine f(0).
-79
Let p(k) = -3*k**2 - 9991*k + 70091. Determine p(7).
7
Let x(m) = m**3 + 230*m**2 + 458*m + 1361. Give x(-228).
905
Let v(f) = f**2 - 1476*f - 13384. Determine v(-9).
-19
Let a(o) = 256*o**2 - 584*o + 147. What is a(2)?
3
Let p(j) = -6*j**3 - 2410*j**2 + 10554*j - 629. Determine p(-406).
183
Let v(y) = 16*y**2 + 13323*y + 35697. Determine v(-830).
7
Let i(c) = -55858*c + 167556. Determine i(3).
-18
Let q(f) = 810126*f + 10531619. Calculate q(-13).
-19
Let l(c) = 2*c**3 + 22*c**2 - 209*c + 367. Give l(3).
-8
Let z(y) = -72*y + 3363. What is z(29)?
1275
Let o(h) = -29*h**3 - 9*h**2 - 55*h - 76. Determine o(-2).
230
Let u(l) = 6*l**2 - 2494*l - 10037. Determine u(-4).
35
Let r(j) = 314*j**2 + 17896*j - 33. What is r(-57)?
81
Let y(h) = 1478*h - 33969. Give y(23).
25
Let v(z) = -z**2 + 80*z + 221179. Give v(512).
-5
Let j(w) = -4*w**3 - 4088*w**2 - 20*w - 20446. Give j(-1022).
-6
Let s(k) = -24355*k - 24374. What is s(-1)?
-19
Let t(q) = 522*q + 6. Determine t(3).
1572
Let g(t) = -2*t**2 + 154*t + 34874. Calculate g(176).
26
Let q(l) = -2*l**2 + 161*l - 1345. Calculate q(72).
-121
Let b(i) = i**2 + 8905*i + 6520499. Determine b(-805).
-1
Let h(x) = -64621*x - 8336119. What is h(-129)?
-10
Let b(s) = -3*s**3 + 27*s**2 + 206*s - 14. Give b(-5).
6
Let t(m) = m**2 + 170*m - 117544. Calculate t(269).
547
Let w(q) = 10066*q - 70434. Give w(7).
28
Let i(l) = -14*l**3 + 1750*l**2 + 5258*l - 46. Determine i(-3).
308
Let o(l) = 2*l**2 + 1023*l + 44822. What is o(-463)?